{"id":424,"date":"2025-03-26T21:13:10","date_gmt":"2025-03-26T20:13:10","guid":{"rendered":"https:\/\/abex.be\/?post_type=mec-events&#038;p=424"},"modified":"2025-04-23T10:42:21","modified_gmt":"2025-04-23T08:42:21","slug":"ai-and-chatgpt-training-day-292","status":"publish","type":"mec-events","link":"https:\/\/abex.be\/en\/events\/journee-de-formation-aux-fondamentaux-et-maitrise-de-lia-et-chatgpt-292\/","title":{"rendered":"Legal expertise - Session 16"},"content":{"rendered":"<h2>Basic training in legal expertise<\/h2>\n<h4>From Thursday 21\/11\/2024 to 06\/03\/2025<br \/>\nClasses will take place on Thursdays (except during the end-of-year holidays) from 4pm to 7pm, both face-to-face and by videoconference.<\/h4>\n<h3>Programme<\/h3>\n<h5>CIVIL LAW - G\u00e9rard KUYPER - Lawyer<\/h5>\n<ul>\n<li>Amicable expertise, legal expertise, alternative dispute resolution.<\/li>\n<li>National register of legal experts<\/li>\n<li>Alternative dispute resolution (continued) Fees and costs in civil matters<\/li>\n<li>Neutrality and the behavioural aspect of expertise<\/li>\n<li>Judicial organisation, general principles of civil procedure law<\/li>\n<li>General principles of the law and means of proof in civil matters<\/li>\n<\/ul>\n<h5>CRIMINAL LAW - Antoine CHOM\u00c9 - Lawyer<\/h5>\n<ul>\n<li>General principles of criminal procedure law<\/li>\n<li>General principles of the law of evidence in criminal matters and of preliminary investigations in criminal matters<\/li>\n<li>Appointment of the legal expert - Conduct of the investigation and report in criminal matters - Legal indemnity - Pricing of services in criminal matters<\/li>\n<\/ul>\n<h5>EXPERT PRACTICE<\/h5>\n<ul>\n<li>Appointment of the expert, conduct of the expert assessment, involvement of the judge<\/li>\n<\/ul>\n<h5>THE LAWYER'S POINT OF VIEW<\/h5>\n<ul>\n<li>Expertise from the lawyer's point of view<\/li>\n<\/ul>\n<h5>Pierre-Fran\u00e7ois VAN DEN DRIESCHE - Lawyer<\/h5>\n<ul>\n<li>Liability, ethics and insurance of legal experts<\/li>\n<\/ul>\n<h5>James HUGHES Consultant &amp; Forensic Expert<\/h5>\n<ul>\n<li>Expert reports in civil matters<\/li>\n<\/ul>\n<p><strong>Date of certification exam :<\/strong> on 20\/03\/2025<br \/>\n<strong>Total training over 39 hours.<\/strong> Syllabuses are included in the price.<\/p>","protected":false},"excerpt":{"rendered":"<p>Basic training in legal expertise From Thursday 21\/11\/2024 to 06\/03\/2025 The courses will be given on Thursdays (except during the end-of-year holidays) from 16:00 to 19:00 face-to-face and by videoconference Programme CIVIL LAW - G\u00e9rard KUYPER - Lawyer Amicable expertise, legal expertise, alternative dispute resolution methods. National register of experts...<\/p>","protected":false},"author":1,"featured_media":129,"comment_status":"closed","ping_status":"closed","template":"","tags":[],"mec_category":[118,105],"class_list":["post-424","mec-events","type-mec-events","status-publish","has-post-thumbnail","hentry","mec_category-autres-formations","mec_category-formation-qualifiante-en-expertise-judiciaire","description-off"],"yoast_head":"<!-- This site is optimized with the Yoast SEO plugin v27.5 - https:\/\/yoast.com\/product\/yoast-seo-wordpress\/ -->\n<title>Expertise judiciaire \u2013 Session 16 - ABEX<\/title>\n<meta name=\"robots\" content=\"index, follow, max-snippet:-1, max-image-preview:large, max-video-preview:-1\" \/>\n<link rel=\"canonical\" href=\"https:\/\/abex.be\/en\/events\/ai-and-chatgpt-training-day-292\/\" \/>\n<meta property=\"og:locale\" content=\"en_GB\" \/>\n<meta property=\"og:type\" content=\"article\" \/>\n<meta property=\"og:title\" content=\"Expertise judiciaire \u2013 Session 16 - ABEX\" \/>\n<meta property=\"og:description\" content=\"Formation de base \u00e0 l\u2019expertise judiciaire Du jeudi 21\/11\/2024 au 06\/03\/2025 Les cours se donneront les jeudis (sauf pendant les cong\u00e9s de fin d\u2019ann\u00e9e) de 16h \u00e0 19h en pr\u00e9sentiel et en visio-conf\u00e9rence Programme DROIT CIVIL \u2013 G\u00e9rard KUYPER \u2013 Avocat Expertise amiable, expertise judiciaire, modes alternatifs de r\u00e8glement des conflits. Registre national des experts&hellip;\" \/>\n<meta property=\"og:url\" content=\"https:\/\/abex.be\/en\/events\/ai-and-chatgpt-training-day-292\/\" \/>\n<meta property=\"og:site_name\" content=\"ABEX\" \/>\n<meta property=\"article:modified_time\" content=\"2025-04-23T08:42:21+00:00\" \/>\n<meta property=\"og:image\" content=\"https:\/\/abex.be\/wp-content\/uploads\/2025\/03\/AdobeStock_1084930191_Preview.jpeg\" \/>\n\t<meta property=\"og:image:width\" content=\"1000\" \/>\n\t<meta property=\"og:image:height\" content=\"667\" \/>\n\t<meta property=\"og:image:type\" content=\"image\/jpeg\" \/>\n<meta name=\"twitter:card\" content=\"summary_large_image\" \/>\n<meta name=\"twitter:label1\" content=\"Estimated reading time\" \/>\n\t<meta name=\"twitter:data1\" content=\"1 minute\" \/>\n<script type=\"application\/ld+json\" class=\"yoast-schema-graph\">{\"@context\":\"https:\\\/\\\/schema.org\",\"@graph\":[{\"@type\":\"WebPage\",\"@id\":\"https:\\\/\\\/abex.be\\\/events\\\/journee-de-formation-aux-fondamentaux-et-maitrise-de-lia-et-chatgpt-292\\\/\",\"url\":\"https:\\\/\\\/abex.be\\\/events\\\/journee-de-formation-aux-fondamentaux-et-maitrise-de-lia-et-chatgpt-292\\\/\",\"name\":\"Expertise judiciaire \u2013 Session 16 - ABEX\",\"isPartOf\":{\"@id\":\"https:\\\/\\\/abex.be\\\/#website\"},\"primaryImageOfPage\":{\"@id\":\"https:\\\/\\\/abex.be\\\/events\\\/journee-de-formation-aux-fondamentaux-et-maitrise-de-lia-et-chatgpt-292\\\/#primaryimage\"},\"image\":{\"@id\":\"https:\\\/\\\/abex.be\\\/events\\\/journee-de-formation-aux-fondamentaux-et-maitrise-de-lia-et-chatgpt-292\\\/#primaryimage\"},\"thumbnailUrl\":\"https:\\\/\\\/abex.be\\\/wp-content\\\/uploads\\\/2025\\\/03\\\/AdobeStock_1084930191_Preview.jpeg\",\"datePublished\":\"2025-03-26T20:13:10+00:00\",\"dateModified\":\"2025-04-23T08:42:21+00:00\",\"breadcrumb\":{\"@id\":\"https:\\\/\\\/abex.be\\\/events\\\/journee-de-formation-aux-fondamentaux-et-maitrise-de-lia-et-chatgpt-292\\\/#breadcrumb\"},\"inLanguage\":\"en-GB\",\"potentialAction\":[{\"@type\":\"ReadAction\",\"target\":[\"https:\\\/\\\/abex.be\\\/events\\\/journee-de-formation-aux-fondamentaux-et-maitrise-de-lia-et-chatgpt-292\\\/\"]}]},{\"@type\":\"ImageObject\",\"inLanguage\":\"en-GB\",\"@id\":\"https:\\\/\\\/abex.be\\\/events\\\/journee-de-formation-aux-fondamentaux-et-maitrise-de-lia-et-chatgpt-292\\\/#primaryimage\",\"url\":\"https:\\\/\\\/abex.be\\\/wp-content\\\/uploads\\\/2025\\\/03\\\/AdobeStock_1084930191_Preview.jpeg\",\"contentUrl\":\"https:\\\/\\\/abex.be\\\/wp-content\\\/uploads\\\/2025\\\/03\\\/AdobeStock_1084930191_Preview.jpeg\",\"width\":1000,\"height\":667},{\"@type\":\"BreadcrumbList\",\"@id\":\"https:\\\/\\\/abex.be\\\/events\\\/journee-de-formation-aux-fondamentaux-et-maitrise-de-lia-et-chatgpt-292\\\/#breadcrumb\",\"itemListElement\":[{\"@type\":\"ListItem\",\"position\":1,\"name\":\"Accueil\",\"item\":\"https:\\\/\\\/abex.be\\\/\"},{\"@type\":\"ListItem\",\"position\":2,\"name\":\"\u00c9v\u00e9nements\",\"item\":\"https:\\\/\\\/abex.be\\\/events\\\/\"},{\"@type\":\"ListItem\",\"position\":3,\"name\":\"Expertise judiciaire \u2013 Session 16\"}]},{\"@type\":\"WebSite\",\"@id\":\"https:\\\/\\\/abex.be\\\/#website\",\"url\":\"https:\\\/\\\/abex.be\\\/\",\"name\":\"ABEX\",\"description\":\"Association belge des Experts - Associatie van Belgische experten\",\"publisher\":{\"@id\":\"https:\\\/\\\/abex.be\\\/#organization\"},\"potentialAction\":[{\"@type\":\"SearchAction\",\"target\":{\"@type\":\"EntryPoint\",\"urlTemplate\":\"https:\\\/\\\/abex.be\\\/?s={search_term_string}\"},\"query-input\":{\"@type\":\"PropertyValueSpecification\",\"valueRequired\":true,\"valueName\":\"search_term_string\"}}],\"inLanguage\":\"en-GB\"},{\"@type\":\"Organization\",\"@id\":\"https:\\\/\\\/abex.be\\\/#organization\",\"name\":\"Association belge des Experts - Associatie van Belgische experten\",\"url\":\"https:\\\/\\\/abex.be\\\/\",\"logo\":{\"@type\":\"ImageObject\",\"inLanguage\":\"en-GB\",\"@id\":\"https:\\\/\\\/abex.be\\\/#\\\/schema\\\/logo\\\/image\\\/\",\"url\":\"https:\\\/\\\/abex.be\\\/wp-content\\\/uploads\\\/2025\\\/07\\\/ABEX-old-logo-blue-281.png\",\"contentUrl\":\"https:\\\/\\\/abex.be\\\/wp-content\\\/uploads\\\/2025\\\/07\\\/ABEX-old-logo-blue-281.png\",\"width\":1024,\"height\":1024,\"caption\":\"Association belge des Experts - Associatie van Belgische experten\"},\"image\":{\"@id\":\"https:\\\/\\\/abex.be\\\/#\\\/schema\\\/logo\\\/image\\\/\"},\"sameAs\":[\"https:\\\/\\\/www.linkedin.com\\\/company\\\/abex-up\\\/\"]}]}<\/script>\n<!-- \/ Yoast SEO plugin. -->","yoast_head_json":{"title":"Legal expertise - Session 16 - ABEX","robots":{"index":"index","follow":"follow","max-snippet":"max-snippet:-1","max-image-preview":"max-image-preview:large","max-video-preview":"max-video-preview:-1"},"canonical":"https:\/\/abex.be\/en\/events\/ai-and-chatgpt-training-day-292\/","og_locale":"en_GB","og_type":"article","og_title":"Expertise judiciaire \u2013 Session 16 - ABEX","og_description":"Formation de base \u00e0 l\u2019expertise judiciaire Du jeudi 21\/11\/2024 au 06\/03\/2025 Les cours se donneront les jeudis (sauf pendant les cong\u00e9s de fin d\u2019ann\u00e9e) de 16h \u00e0 19h en pr\u00e9sentiel et en visio-conf\u00e9rence Programme DROIT CIVIL \u2013 G\u00e9rard KUYPER \u2013 Avocat Expertise amiable, expertise judiciaire, modes alternatifs de r\u00e8glement des conflits. Registre national des experts&hellip;","og_url":"https:\/\/abex.be\/en\/events\/ai-and-chatgpt-training-day-292\/","og_site_name":"ABEX","article_modified_time":"2025-04-23T08:42:21+00:00","og_image":[{"width":1000,"height":667,"url":"https:\/\/abex.be\/wp-content\/uploads\/2025\/03\/AdobeStock_1084930191_Preview.jpeg","type":"image\/jpeg"}],"twitter_card":"summary_large_image","twitter_misc":{"Estimated reading time":"1 minute"},"schema":{"@context":"https:\/\/schema.org","@graph":[{"@type":"WebPage","@id":"https:\/\/abex.be\/events\/journee-de-formation-aux-fondamentaux-et-maitrise-de-lia-et-chatgpt-292\/","url":"https:\/\/abex.be\/events\/journee-de-formation-aux-fondamentaux-et-maitrise-de-lia-et-chatgpt-292\/","name":"Legal expertise - Session 16 - ABEX","isPartOf":{"@id":"https:\/\/abex.be\/#website"},"primaryImageOfPage":{"@id":"https:\/\/abex.be\/events\/journee-de-formation-aux-fondamentaux-et-maitrise-de-lia-et-chatgpt-292\/#primaryimage"},"image":{"@id":"https:\/\/abex.be\/events\/journee-de-formation-aux-fondamentaux-et-maitrise-de-lia-et-chatgpt-292\/#primaryimage"},"thumbnailUrl":"https:\/\/abex.be\/wp-content\/uploads\/2025\/03\/AdobeStock_1084930191_Preview.jpeg","datePublished":"2025-03-26T20:13:10+00:00","dateModified":"2025-04-23T08:42:21+00:00","breadcrumb":{"@id":"https:\/\/abex.be\/events\/journee-de-formation-aux-fondamentaux-et-maitrise-de-lia-et-chatgpt-292\/#breadcrumb"},"inLanguage":"en-GB","potentialAction":[{"@type":"ReadAction","target":["https:\/\/abex.be\/events\/journee-de-formation-aux-fondamentaux-et-maitrise-de-lia-et-chatgpt-292\/"]}]},{"@type":"ImageObject","inLanguage":"en-GB","@id":"https:\/\/abex.be\/events\/journee-de-formation-aux-fondamentaux-et-maitrise-de-lia-et-chatgpt-292\/#primaryimage","url":"https:\/\/abex.be\/wp-content\/uploads\/2025\/03\/AdobeStock_1084930191_Preview.jpeg","contentUrl":"https:\/\/abex.be\/wp-content\/uploads\/2025\/03\/AdobeStock_1084930191_Preview.jpeg","width":1000,"height":667},{"@type":"BreadcrumbList","@id":"https:\/\/abex.be\/events\/journee-de-formation-aux-fondamentaux-et-maitrise-de-lia-et-chatgpt-292\/#breadcrumb","itemListElement":[{"@type":"ListItem","position":1,"name":"Accueil","item":"https:\/\/abex.be\/"},{"@type":"ListItem","position":2,"name":"\u00c9v\u00e9nements","item":"https:\/\/abex.be\/events\/"},{"@type":"ListItem","position":3,"name":"Expertise judiciaire \u2013 Session 16"}]},{"@type":"WebSite","@id":"https:\/\/abex.be\/#website","url":"https:\/\/abex.be\/","name":"ABEX","description":"Association belge des Experts - Associatie van Belgische experten","publisher":{"@id":"https:\/\/abex.be\/#organization"},"potentialAction":[{"@type":"SearchAction","target":{"@type":"EntryPoint","urlTemplate":"https:\/\/abex.be\/?s={search_term_string}"},"query-input":{"@type":"PropertyValueSpecification","valueRequired":true,"valueName":"search_term_string"}}],"inLanguage":"en-GB"},{"@type":"Organization","@id":"https:\/\/abex.be\/#organization","name":"Association belge des Experts - Associatie van Belgische experten","url":"https:\/\/abex.be\/","logo":{"@type":"ImageObject","inLanguage":"en-GB","@id":"https:\/\/abex.be\/#\/schema\/logo\/image\/","url":"https:\/\/abex.be\/wp-content\/uploads\/2025\/07\/ABEX-old-logo-blue-281.png","contentUrl":"https:\/\/abex.be\/wp-content\/uploads\/2025\/07\/ABEX-old-logo-blue-281.png","width":1024,"height":1024,"caption":"Association belge des Experts - Associatie van Belgische experten"},"image":{"@id":"https:\/\/abex.be\/#\/schema\/logo\/image\/"},"sameAs":["https:\/\/www.linkedin.com\/company\/abex-up\/"]}]}},"_links":{"self":[{"href":"https:\/\/abex.be\/en\/wp-json\/wp\/v2\/mec-events\/424","targetHints":{"allow":["GET"]}}],"collection":[{"href":"https:\/\/abex.be\/en\/wp-json\/wp\/v2\/mec-events"}],"about":[{"href":"https:\/\/abex.be\/en\/wp-json\/wp\/v2\/types\/mec-events"}],"author":[{"embeddable":true,"href":"https:\/\/abex.be\/en\/wp-json\/wp\/v2\/users\/1"}],"replies":[{"embeddable":true,"href":"https:\/\/abex.be\/en\/wp-json\/wp\/v2\/comments?post=424"}],"wp:featuredmedia":[{"embeddable":true,"href":"https:\/\/abex.be\/en\/wp-json\/wp\/v2\/media\/129"}],"wp:attachment":[{"href":"https:\/\/abex.be\/en\/wp-json\/wp\/v2\/media?parent=424"}],"wp:term":[{"taxonomy":"post_tag","embeddable":true,"href":"https:\/\/abex.be\/en\/wp-json\/wp\/v2\/tags?post=424"},{"taxonomy":"mec_category","embeddable":true,"href":"https:\/\/abex.be\/en\/wp-json\/wp\/v2\/mec_category?post=424"}],"curies":[{"name":"wp","href":"https:\/\/api.w.org\/{rel}","templated":true}]}}

<h2>Basic training in legal expertise</h2>
<h4>From Thursday 21/11/2024 to 06/03/2025<br />
Classes will take place on Thursdays (except during the end-of-year holidays) from 4pm to 7pm, both face-to-face and by videoconference.</h4>
<h3>Programme</h3>
<h5>CIVIL LAW - Gérard KUYPER - Lawyer</h5>
<ul>
<li>Amicable expertise, legal expertise, alternative dispute resolution.</li>
<li>National register of legal experts</li>
<li>Alternative dispute resolution (continued) Fees and costs in civil matters</li>
<li>Neutrality and the behavioural aspect of expertise</li>
<li>Judicial organisation, general principles of civil procedure law</li>
<li>General principles of the law and means of proof in civil matters</li>
</ul>
<h5>CRIMINAL LAW - Antoine CHOMÉ - Lawyer</h5>
<ul>
<li>General principles of criminal procedure law</li>
<li>General principles of the law of evidence in criminal matters and of preliminary investigations in criminal matters</li>
<li>Appointment of the legal expert - Conduct of the investigation and report in criminal matters - Legal indemnity - Pricing of services in criminal matters</li>
</ul>
<h5>EXPERT PRACTICE</h5>
<ul>
<li>Appointment of the expert, conduct of the expert assessment, involvement of the judge</li>
</ul>
<h5>THE LAWYER'S POINT OF VIEW</h5>
<ul>
<li>Expertise from the lawyer's point of view</li>
</ul>
<h5>Pierre-François VAN DEN DRIESCHE - Lawyer</h5>
<ul>
<li>Liability, ethics and insurance of legal experts</li>
</ul>
<h5>James HUGHES Consultant &amp; Forensic Expert</h5>
<ul>
<li>Expert reports in civil matters</li>
</ul>
<p><strong>Date of certification exam :</strong> on 20/03/2025<br />
<strong>Total training over 39 hours.</strong> Syllabuses are included in the price.</p>

<p>Basic training in legal expertise From Thursday 21/11/2024 to 06/03/2025 The courses will be given on Thursdays (except during the end-of-year holidays) from 16:00 to 19:00 face-to-face and by videoconference Programme CIVIL LAW - Gérard KUYPER - Lawyer Amicable expertise, legal expertise, alternative dispute resolution methods. National register of experts...</p>

<!-- This site is optimized with the Yoast SEO plugin v27.5 - https://yoast.com/product/yoast-seo-wordpress/ -->
<title>Expertise judiciaire – Session 16 - ABEX</title>
<meta name="robots" content="index, follow, max-snippet:-1, max-image-preview:large, max-video-preview:-1" />
<link rel="canonical" href="https://abex.be/en/events/ai-and-chatgpt-training-day-292/" />
<meta property="og:locale" content="en_GB" />
<meta property="og:type" content="article" />
<meta property="og:title" content="Expertise judiciaire – Session 16 - ABEX" />
<meta property="og:description" content="Formation de base à l’expertise judiciaire Du jeudi 21/11/2024 au 06/03/2025 Les cours se donneront les jeudis (sauf pendant les congés de fin d’année) de 16h à 19h en présentiel et en visio-conférence Programme DROIT CIVIL – Gérard KUYPER – Avocat Expertise amiable, expertise judiciaire, modes alternatifs de règlement des conflits. Registre national des experts&hellip;" />
<meta property="og:url" content="https://abex.be/en/events/ai-and-chatgpt-training-day-292/" />
<meta property="og:site_name" content="ABEX" />
<meta property="article:modified_time" content="2025-04-23T08:42:21+00:00" />
<meta property="og:image" content="https://abex.be/wp-content/uploads/2025/03/AdobeStock_1084930191_Preview.jpeg" />
	<meta property="og:image:width" content="1000" />
	<meta property="og:image:height" content="667" />
	<meta property="og:image:type" content="image/jpeg" />
<meta name="twitter:card" content="summary_large_image" />
<meta name="twitter:label1" content="Estimated reading time" />
	<meta name="twitter:data1" content="1 minute" />
<script type="application/ld+json" class="yoast-schema-graph">{"@context":"https:\/\/schema.org","@graph":[{"@type":"WebPage","@id":"https:\/\/abex.be\/events\/journee-de-formation-aux-fondamentaux-et-maitrise-de-lia-et-chatgpt-292\/","url":"https:\/\/abex.be\/events\/journee-de-formation-aux-fondamentaux-et-maitrise-de-lia-et-chatgpt-292\/","name":"Expertise judiciaire – Session 16 - ABEX","isPartOf":{"@id":"https:\/\/abex.be\/#website"},"primaryImageOfPage":{"@id":"https:\/\/abex.be\/events\/journee-de-formation-aux-fondamentaux-et-maitrise-de-lia-et-chatgpt-292\/#primaryimage"},"image":{"@id":"https:\/\/abex.be\/events\/journee-de-formation-aux-fondamentaux-et-maitrise-de-lia-et-chatgpt-292\/#primaryimage"},"thumbnailUrl":"https:\/\/abex.be\/wp-content\/uploads\/2025\/03\/AdobeStock_1084930191_Preview.jpeg","datePublished":"2025-03-26T20:13:10+00:00","dateModified":"2025-04-23T08:42:21+00:00","breadcrumb":{"@id":"https:\/\/abex.be\/events\/journee-de-formation-aux-fondamentaux-et-maitrise-de-lia-et-chatgpt-292\/#breadcrumb"},"inLanguage":"en-GB","potentialAction":[{"@type":"ReadAction","target":["https:\/\/abex.be\/events\/journee-de-formation-aux-fondamentaux-et-maitrise-de-lia-et-chatgpt-292\/"]}]},{"@type":"ImageObject","inLanguage":"en-GB","@id":"https:\/\/abex.be\/events\/journee-de-formation-aux-fondamentaux-et-maitrise-de-lia-et-chatgpt-292\/#primaryimage","url":"https:\/\/abex.be\/wp-content\/uploads\/2025\/03\/AdobeStock_1084930191_Preview.jpeg","contentUrl":"https:\/\/abex.be\/wp-content\/uploads\/2025\/03\/AdobeStock_1084930191_Preview.jpeg","width":1000,"height":667},{"@type":"BreadcrumbList","@id":"https:\/\/abex.be\/events\/journee-de-formation-aux-fondamentaux-et-maitrise-de-lia-et-chatgpt-292\/#breadcrumb","itemListElement":[{"@type":"ListItem","position":1,"name":"Accueil","item":"https:\/\/abex.be\/"},{"@type":"ListItem","position":2,"name":"Événements","item":"https:\/\/abex.be\/events\/"},{"@type":"ListItem","position":3,"name":"Expertise judiciaire – Session 16"}]},{"@type":"WebSite","@id":"https:\/\/abex.be\/#website","url":"https:\/\/abex.be\/","name":"ABEX","description":"Association belge des Experts - Associatie van Belgische experten","publisher":{"@id":"https:\/\/abex.be\/#organization"},"potentialAction":[{"@type":"SearchAction","target":{"@type":"EntryPoint","urlTemplate":"https:\/\/abex.be\/?s={search_term_string}"},"query-input":{"@type":"PropertyValueSpecification","valueRequired":true,"valueName":"search_term_string"}}],"inLanguage":"en-GB"},{"@type":"Organization","@id":"https:\/\/abex.be\/#organization","name":"Association belge des Experts - Associatie van Belgische experten","url":"https:\/\/abex.be\/","logo":{"@type":"ImageObject","inLanguage":"en-GB","@id":"https:\/\/abex.be\/#\/schema\/logo\/image\/","url":"https:\/\/abex.be\/wp-content\/uploads\/2025\/07\/ABEX-old-logo-blue-281.png","contentUrl":"https:\/\/abex.be\/wp-content\/uploads\/2025\/07\/ABEX-old-logo-blue-281.png","width":1024,"height":1024,"caption":"Association belge des Experts - Associatie van Belgische experten"},"image":{"@id":"https:\/\/abex.be\/#\/schema\/logo\/image\/"},"sameAs":["https:\/\/www.linkedin.com\/company\/abex-up\/"]}]}</script>
<!-- / Yoast SEO plugin. -->

Formation de base à l’expertise judiciaire Du jeudi 21/11/2024 au 06/03/2025 Les cours se donneront les jeudis (sauf pendant les congés de fin d’année) de 16h à 19h en présentiel et en visio-conférence Programme DROIT CIVIL – Gérard KUYPER – Avocat Expertise amiable, expertise judiciaire, modes alternatifs de règlement des conflits. Registre national des experts&hellip;

Événements
