{"id":931,"date":"2025-06-19T11:27:08","date_gmt":"2025-06-19T09:27:08","guid":{"rendered":"https:\/\/abex.be\/?post_type=mec-events&#038;p=931"},"modified":"2025-10-07T10:16:51","modified_gmt":"2025-10-07T08:16:51","slug":"gerichtsgutachten-sitzung-17","status":"publish","type":"mec-events","link":"https:\/\/abex.be\/de\/events\/expertise-judiciaire-session-17\/","title":{"rendered":"Gerichtliche Gutachten - Session 17 (vollst\u00e4ndig)"},"content":{"rendered":"<div class=\"wpb-content-wrapper\"><div class=\"vc_row wpb_row vc_row-fluid dt-default\" style=\"margin-top: 0px;margin-bottom: 0px\"><div class=\"wpb_column vc_column_container vc_col-sm-12\"><div class=\"vc_column-inner\"><div class=\"wpb_wrapper\">\n\t<div class=\"wpb_text_column wpb_content_element\" >\n\t\t<div class=\"wpb_wrapper\">\n\t\t\t<h2>!!! KOMPLETT!!!<\/h2>\n<h2>Grundausbildung in forensischer Expertise<\/h2>\n<h4>Vom 30.10.2025 bis zum 05.03.2026<br \/>\nDer Unterricht findet donnerstags (au\u00dfer in den Semesterferien) von 16:00 bis 19:00 Uhr in Pr\u00e4senzform und per Videokonferenz statt.<\/h4>\n<h3>Programm<\/h3>\n<h5>G\u00e9rard KUYPER - Rechtsanwalt<\/h5>\n<ul>\n<li>Gerichtsorganisation - allgemeine Grunds\u00e4tze des Zivilprozessrechts<\/li>\n<li>Gerichtliche Gutachten in Zivil- und Handelssachen<\/li>\n<li>Allgemeine Grunds\u00e4tze des Beweisrechts in Zivilsachen<\/li>\n<li>Alternative Streitbeilegung<\/li>\n<li>Schlichtung in der Expertise<\/li>\n<\/ul>\n<h5>Antoine CHOM\u00c9 - Rechtsanwalt<\/h5>\n<ul>\n<li>Allgemeine Grunds\u00e4tze des Beweisrechts in Strafsachen<\/li>\n<li>Das Strafverfahren<\/li>\n<li>Das strafrechtliche Gutachten<\/li>\n<\/ul>\n<h5>James HUGHES - Schriftexperte<\/h5>\n<p>Das Gutachten in Zivil- und Strafsachen<\/p>\n<h5>Christian DUVIEUSART - Magistrat<\/h5>\n<p>Die Verantwortung des Experten<\/p>\n<p><strong>Datum der qualifizierenden Pr\u00fcfung :<\/strong> am 05\/03\/2026<br \/>\n<strong>Gesamte Ausbildung \u00fcber 36h.<\/strong> Die Syllabus sind im Preis inbegriffen.<\/p>\n<p><strong>Ort<\/strong> : avenue Georges Lecointe 50, 1180 Uccle<\/p>\n\n\t\t<\/div>\n\t<\/div>\n<\/div><\/div><\/div><\/div>\n<\/div>","protected":false},"excerpt":{"rendered":"<p>!!! COMPLET !!! Formation de base \u00e0 l\u2019expertise judiciaire Du 30\/10\/2025 au 05\/03\/2026 Les cours se donneront les jeudis (sauf pendant les cong\u00e9s de fin d\u2019ann\u00e9e) de 16h \u00e0 19h en pr\u00e9sentiel et en visio-conf\u00e9rence Programme G\u00e9rard KUYPER \u2013 Avocat Organisation judiciaire \u2013 principes g\u00e9n\u00e9raux du droit de la proc\u00e9dure civile L\u2019expertise judiciaire en mati\u00e8re&hellip;<\/p>","protected":false},"author":1,"featured_media":928,"comment_status":"closed","ping_status":"closed","template":"","tags":[],"mec_category":[118,105],"class_list":["post-931","mec-events","type-mec-events","status-publish","has-post-thumbnail","hentry","mec_category-autres-formations","mec_category-formation-qualifiante-en-expertise-judiciaire","description-off"],"yoast_head":"<!-- This site is optimized with the Yoast SEO plugin v27.5 - https:\/\/yoast.com\/product\/yoast-seo-wordpress\/ -->\n<title>Expertise judiciaire \u2013 Session 17 (complet) - ABEX<\/title>\n<meta name=\"robots\" content=\"index, follow, max-snippet:-1, max-image-preview:large, max-video-preview:-1\" \/>\n<link rel=\"canonical\" href=\"https:\/\/abex.be\/de\/events\/gerichtsgutachten-sitzung-17\/\" \/>\n<meta property=\"og:locale\" content=\"de_DE\" \/>\n<meta property=\"og:type\" content=\"article\" \/>\n<meta property=\"og:title\" content=\"Expertise judiciaire \u2013 Session 17 (complet) - ABEX\" \/>\n<meta property=\"og:url\" content=\"https:\/\/abex.be\/de\/events\/gerichtsgutachten-sitzung-17\/\" \/>\n<meta property=\"og:site_name\" content=\"ABEX\" \/>\n<meta property=\"article:modified_time\" content=\"2025-10-07T08:16:51+00:00\" \/>\n<meta property=\"og:image\" content=\"https:\/\/abex.be\/wp-content\/uploads\/2025\/06\/AdobeStock_1084930191-scaled.jpeg\" \/>\n\t<meta property=\"og:image:width\" content=\"2560\" \/>\n\t<meta property=\"og:image:height\" content=\"1707\" \/>\n\t<meta property=\"og:image:type\" content=\"image\/jpeg\" \/>\n<meta name=\"twitter:card\" content=\"summary_large_image\" \/>\n<meta name=\"twitter:label1\" content=\"Gesch\u00e4tzte Lesezeit\" \/>\n\t<meta name=\"twitter:data1\" content=\"1\u00a0Minute\" \/>\n<script type=\"application\/ld+json\" class=\"yoast-schema-graph\">{\"@context\":\"https:\\\/\\\/schema.org\",\"@graph\":[{\"@type\":\"WebPage\",\"@id\":\"https:\\\/\\\/abex.be\\\/events\\\/expertise-judiciaire-session-17\\\/\",\"url\":\"https:\\\/\\\/abex.be\\\/events\\\/expertise-judiciaire-session-17\\\/\",\"name\":\"Expertise judiciaire \u2013 Session 17 (complet) - ABEX\",\"isPartOf\":{\"@id\":\"https:\\\/\\\/abex.be\\\/#website\"},\"primaryImageOfPage\":{\"@id\":\"https:\\\/\\\/abex.be\\\/events\\\/expertise-judiciaire-session-17\\\/#primaryimage\"},\"image\":{\"@id\":\"https:\\\/\\\/abex.be\\\/events\\\/expertise-judiciaire-session-17\\\/#primaryimage\"},\"thumbnailUrl\":\"https:\\\/\\\/abex.be\\\/wp-content\\\/uploads\\\/2025\\\/06\\\/AdobeStock_1084930191-scaled.jpeg\",\"datePublished\":\"2025-06-19T09:27:08+00:00\",\"dateModified\":\"2025-10-07T08:16:51+00:00\",\"breadcrumb\":{\"@id\":\"https:\\\/\\\/abex.be\\\/events\\\/expertise-judiciaire-session-17\\\/#breadcrumb\"},\"inLanguage\":\"de\",\"potentialAction\":[{\"@type\":\"ReadAction\",\"target\":[\"https:\\\/\\\/abex.be\\\/events\\\/expertise-judiciaire-session-17\\\/\"]}]},{\"@type\":\"ImageObject\",\"inLanguage\":\"de\",\"@id\":\"https:\\\/\\\/abex.be\\\/events\\\/expertise-judiciaire-session-17\\\/#primaryimage\",\"url\":\"https:\\\/\\\/abex.be\\\/wp-content\\\/uploads\\\/2025\\\/06\\\/AdobeStock_1084930191-scaled.jpeg\",\"contentUrl\":\"https:\\\/\\\/abex.be\\\/wp-content\\\/uploads\\\/2025\\\/06\\\/AdobeStock_1084930191-scaled.jpeg\",\"width\":2560,\"height\":1707},{\"@type\":\"BreadcrumbList\",\"@id\":\"https:\\\/\\\/abex.be\\\/events\\\/expertise-judiciaire-session-17\\\/#breadcrumb\",\"itemListElement\":[{\"@type\":\"ListItem\",\"position\":1,\"name\":\"Accueil\",\"item\":\"https:\\\/\\\/abex.be\\\/\"},{\"@type\":\"ListItem\",\"position\":2,\"name\":\"\u00c9v\u00e9nements\",\"item\":\"https:\\\/\\\/abex.be\\\/events\\\/\"},{\"@type\":\"ListItem\",\"position\":3,\"name\":\"Expertise judiciaire \u2013 Session 17 (complet)\"}]},{\"@type\":\"WebSite\",\"@id\":\"https:\\\/\\\/abex.be\\\/#website\",\"url\":\"https:\\\/\\\/abex.be\\\/\",\"name\":\"ABEX\",\"description\":\"Association belge des Experts - Associatie van Belgische experten\",\"publisher\":{\"@id\":\"https:\\\/\\\/abex.be\\\/#organization\"},\"potentialAction\":[{\"@type\":\"SearchAction\",\"target\":{\"@type\":\"EntryPoint\",\"urlTemplate\":\"https:\\\/\\\/abex.be\\\/?s={search_term_string}\"},\"query-input\":{\"@type\":\"PropertyValueSpecification\",\"valueRequired\":true,\"valueName\":\"search_term_string\"}}],\"inLanguage\":\"de\"},{\"@type\":\"Organization\",\"@id\":\"https:\\\/\\\/abex.be\\\/#organization\",\"name\":\"Association belge des Experts - Associatie van Belgische experten\",\"url\":\"https:\\\/\\\/abex.be\\\/\",\"logo\":{\"@type\":\"ImageObject\",\"inLanguage\":\"de\",\"@id\":\"https:\\\/\\\/abex.be\\\/#\\\/schema\\\/logo\\\/image\\\/\",\"url\":\"https:\\\/\\\/abex.be\\\/wp-content\\\/uploads\\\/2025\\\/07\\\/ABEX-old-logo-blue-281.png\",\"contentUrl\":\"https:\\\/\\\/abex.be\\\/wp-content\\\/uploads\\\/2025\\\/07\\\/ABEX-old-logo-blue-281.png\",\"width\":1024,\"height\":1024,\"caption\":\"Association belge des Experts - Associatie van Belgische experten\"},\"image\":{\"@id\":\"https:\\\/\\\/abex.be\\\/#\\\/schema\\\/logo\\\/image\\\/\"},\"sameAs\":[\"https:\\\/\\\/www.linkedin.com\\\/company\\\/abex-up\\\/\"]}]}<\/script>\n<!-- \/ Yoast SEO plugin. -->","yoast_head_json":{"title":"Gerichtliche Gutachten - Session 17 (vollst\u00e4ndig) - ABEX","robots":{"index":"index","follow":"follow","max-snippet":"max-snippet:-1","max-image-preview":"max-image-preview:large","max-video-preview":"max-video-preview:-1"},"canonical":"https:\/\/abex.be\/de\/events\/gerichtsgutachten-sitzung-17\/","og_locale":"de_DE","og_type":"article","og_title":"Expertise judiciaire \u2013 Session 17 (complet) - ABEX","og_url":"https:\/\/abex.be\/de\/events\/gerichtsgutachten-sitzung-17\/","og_site_name":"ABEX","article_modified_time":"2025-10-07T08:16:51+00:00","og_image":[{"width":2560,"height":1707,"url":"https:\/\/abex.be\/wp-content\/uploads\/2025\/06\/AdobeStock_1084930191-scaled.jpeg","type":"image\/jpeg"}],"twitter_card":"summary_large_image","twitter_misc":{"Gesch\u00e4tzte Lesezeit":"1\u00a0Minute"},"schema":{"@context":"https:\/\/schema.org","@graph":[{"@type":"WebPage","@id":"https:\/\/abex.be\/events\/expertise-judiciaire-session-17\/","url":"https:\/\/abex.be\/events\/expertise-judiciaire-session-17\/","name":"Gerichtliche Gutachten - Session 17 (vollst\u00e4ndig) - ABEX","isPartOf":{"@id":"https:\/\/abex.be\/#website"},"primaryImageOfPage":{"@id":"https:\/\/abex.be\/events\/expertise-judiciaire-session-17\/#primaryimage"},"image":{"@id":"https:\/\/abex.be\/events\/expertise-judiciaire-session-17\/#primaryimage"},"thumbnailUrl":"https:\/\/abex.be\/wp-content\/uploads\/2025\/06\/AdobeStock_1084930191-scaled.jpeg","datePublished":"2025-06-19T09:27:08+00:00","dateModified":"2025-10-07T08:16:51+00:00","breadcrumb":{"@id":"https:\/\/abex.be\/events\/expertise-judiciaire-session-17\/#breadcrumb"},"inLanguage":"de","potentialAction":[{"@type":"ReadAction","target":["https:\/\/abex.be\/events\/expertise-judiciaire-session-17\/"]}]},{"@type":"ImageObject","inLanguage":"de","@id":"https:\/\/abex.be\/events\/expertise-judiciaire-session-17\/#primaryimage","url":"https:\/\/abex.be\/wp-content\/uploads\/2025\/06\/AdobeStock_1084930191-scaled.jpeg","contentUrl":"https:\/\/abex.be\/wp-content\/uploads\/2025\/06\/AdobeStock_1084930191-scaled.jpeg","width":2560,"height":1707},{"@type":"BreadcrumbList","@id":"https:\/\/abex.be\/events\/expertise-judiciaire-session-17\/#breadcrumb","itemListElement":[{"@type":"ListItem","position":1,"name":"Accueil","item":"https:\/\/abex.be\/"},{"@type":"ListItem","position":2,"name":"\u00c9v\u00e9nements","item":"https:\/\/abex.be\/events\/"},{"@type":"ListItem","position":3,"name":"Expertise judiciaire \u2013 Session 17 (complet)"}]},{"@type":"WebSite","@id":"https:\/\/abex.be\/#website","url":"https:\/\/abex.be\/","name":"ABEX","description":"Association belge des Experts - Associatie van Belgische experten","publisher":{"@id":"https:\/\/abex.be\/#organization"},"potentialAction":[{"@type":"SearchAction","target":{"@type":"EntryPoint","urlTemplate":"https:\/\/abex.be\/?s={search_term_string}"},"query-input":{"@type":"PropertyValueSpecification","valueRequired":true,"valueName":"search_term_string"}}],"inLanguage":"de"},{"@type":"Organization","@id":"https:\/\/abex.be\/#organization","name":"Association belge des Experts - Associatie van Belgische experten","url":"https:\/\/abex.be\/","logo":{"@type":"ImageObject","inLanguage":"de","@id":"https:\/\/abex.be\/#\/schema\/logo\/image\/","url":"https:\/\/abex.be\/wp-content\/uploads\/2025\/07\/ABEX-old-logo-blue-281.png","contentUrl":"https:\/\/abex.be\/wp-content\/uploads\/2025\/07\/ABEX-old-logo-blue-281.png","width":1024,"height":1024,"caption":"Association belge des Experts - Associatie van Belgische experten"},"image":{"@id":"https:\/\/abex.be\/#\/schema\/logo\/image\/"},"sameAs":["https:\/\/www.linkedin.com\/company\/abex-up\/"]}]}},"_links":{"self":[{"href":"https:\/\/abex.be\/de\/wp-json\/wp\/v2\/mec-events\/931","targetHints":{"allow":["GET"]}}],"collection":[{"href":"https:\/\/abex.be\/de\/wp-json\/wp\/v2\/mec-events"}],"about":[{"href":"https:\/\/abex.be\/de\/wp-json\/wp\/v2\/types\/mec-events"}],"author":[{"embeddable":true,"href":"https:\/\/abex.be\/de\/wp-json\/wp\/v2\/users\/1"}],"replies":[{"embeddable":true,"href":"https:\/\/abex.be\/de\/wp-json\/wp\/v2\/comments?post=931"}],"wp:featuredmedia":[{"embeddable":true,"href":"https:\/\/abex.be\/de\/wp-json\/wp\/v2\/media\/928"}],"wp:attachment":[{"href":"https:\/\/abex.be\/de\/wp-json\/wp\/v2\/media?parent=931"}],"wp:term":[{"taxonomy":"post_tag","embeddable":true,"href":"https:\/\/abex.be\/de\/wp-json\/wp\/v2\/tags?post=931"},{"taxonomy":"mec_category","embeddable":true,"href":"https:\/\/abex.be\/de\/wp-json\/wp\/v2\/mec_category?post=931"}],"curies":[{"name":"wp","href":"https:\/\/api.w.org\/{rel}","templated":true}]}}

Gerichtliche Gutachten - Session 17 (vollständig)

<div class="wpb-content-wrapper"><div class="vc_row wpb_row vc_row-fluid dt-default" style="margin-top: 0px;margin-bottom: 0px"><div class="wpb_column vc_column_container vc_col-sm-12"><div class="vc_column-inner"><div class="wpb_wrapper">
	<div class="wpb_text_column wpb_content_element" >
		<div class="wpb_wrapper">
			<h2>!!! KOMPLETT!!!</h2>
<h2>Grundausbildung in forensischer Expertise</h2>
<h4>Vom 30.10.2025 bis zum 05.03.2026<br />
Der Unterricht findet donnerstags (außer in den Semesterferien) von 16:00 bis 19:00 Uhr in Präsenzform und per Videokonferenz statt.</h4>
<h3>Programm</h3>
<h5>Gérard KUYPER - Rechtsanwalt</h5>
<ul>
<li>Gerichtsorganisation - allgemeine Grundsätze des Zivilprozessrechts</li>
<li>Gerichtliche Gutachten in Zivil- und Handelssachen</li>
<li>Allgemeine Grundsätze des Beweisrechts in Zivilsachen</li>
<li>Alternative Streitbeilegung</li>
<li>Schlichtung in der Expertise</li>
</ul>
<h5>Antoine CHOMÉ - Rechtsanwalt</h5>
<ul>
<li>Allgemeine Grundsätze des Beweisrechts in Strafsachen</li>
<li>Das Strafverfahren</li>
<li>Das strafrechtliche Gutachten</li>
</ul>
<h5>James HUGHES - Schriftexperte</h5>
<p>Das Gutachten in Zivil- und Strafsachen</p>
<h5>Christian DUVIEUSART - Magistrat</h5>
<p>Die Verantwortung des Experten</p>
<p><strong>Datum der qualifizierenden Prüfung :</strong> am 05/03/2026<br />
<strong>Gesamte Ausbildung über 36h.</strong> Die Syllabus sind im Preis inbegriffen.</p>
<p><strong>Ort</strong> : avenue Georges Lecointe 50, 1180 Uccle</p>

		</div>
	</div>
</div></div></div></div>
</div>

<p>!!! COMPLET !!! Formation de base à l’expertise judiciaire Du 30/10/2025 au 05/03/2026 Les cours se donneront les jeudis (sauf pendant les congés de fin d’année) de 16h à 19h en présentiel et en visio-conférence Programme Gérard KUYPER – Avocat Organisation judiciaire – principes généraux du droit de la procédure civile L’expertise judiciaire en matière&hellip;</p>

<!-- This site is optimized with the Yoast SEO plugin v27.5 - https://yoast.com/product/yoast-seo-wordpress/ -->
<title>Expertise judiciaire – Session 17 (complet) - ABEX</title>
<meta name="robots" content="index, follow, max-snippet:-1, max-image-preview:large, max-video-preview:-1" />
<link rel="canonical" href="https://abex.be/de/events/gerichtsgutachten-sitzung-17/" />
<meta property="og:locale" content="de_DE" />
<meta property="og:type" content="article" />
<meta property="og:title" content="Expertise judiciaire – Session 17 (complet) - ABEX" />
<meta property="og:url" content="https://abex.be/de/events/gerichtsgutachten-sitzung-17/" />
<meta property="og:site_name" content="ABEX" />
<meta property="article:modified_time" content="2025-10-07T08:16:51+00:00" />
<meta property="og:image" content="https://abex.be/wp-content/uploads/2025/06/AdobeStock_1084930191-scaled.jpeg" />
	<meta property="og:image:width" content="2560" />
	<meta property="og:image:height" content="1707" />
	<meta property="og:image:type" content="image/jpeg" />
<meta name="twitter:card" content="summary_large_image" />
<meta name="twitter:label1" content="Geschätzte Lesezeit" />
	<meta name="twitter:data1" content="1 Minute" />
<script type="application/ld+json" class="yoast-schema-graph">{"@context":"https:\/\/schema.org","@graph":[{"@type":"WebPage","@id":"https:\/\/abex.be\/events\/expertise-judiciaire-session-17\/","url":"https:\/\/abex.be\/events\/expertise-judiciaire-session-17\/","name":"Expertise judiciaire – Session 17 (complet) - ABEX","isPartOf":{"@id":"https:\/\/abex.be\/#website"},"primaryImageOfPage":{"@id":"https:\/\/abex.be\/events\/expertise-judiciaire-session-17\/#primaryimage"},"image":{"@id":"https:\/\/abex.be\/events\/expertise-judiciaire-session-17\/#primaryimage"},"thumbnailUrl":"https:\/\/abex.be\/wp-content\/uploads\/2025\/06\/AdobeStock_1084930191-scaled.jpeg","datePublished":"2025-06-19T09:27:08+00:00","dateModified":"2025-10-07T08:16:51+00:00","breadcrumb":{"@id":"https:\/\/abex.be\/events\/expertise-judiciaire-session-17\/#breadcrumb"},"inLanguage":"de","potentialAction":[{"@type":"ReadAction","target":["https:\/\/abex.be\/events\/expertise-judiciaire-session-17\/"]}]},{"@type":"ImageObject","inLanguage":"de","@id":"https:\/\/abex.be\/events\/expertise-judiciaire-session-17\/#primaryimage","url":"https:\/\/abex.be\/wp-content\/uploads\/2025\/06\/AdobeStock_1084930191-scaled.jpeg","contentUrl":"https:\/\/abex.be\/wp-content\/uploads\/2025\/06\/AdobeStock_1084930191-scaled.jpeg","width":2560,"height":1707},{"@type":"BreadcrumbList","@id":"https:\/\/abex.be\/events\/expertise-judiciaire-session-17\/#breadcrumb","itemListElement":[{"@type":"ListItem","position":1,"name":"Accueil","item":"https:\/\/abex.be\/"},{"@type":"ListItem","position":2,"name":"Événements","item":"https:\/\/abex.be\/events\/"},{"@type":"ListItem","position":3,"name":"Expertise judiciaire – Session 17 (complet)"}]},{"@type":"WebSite","@id":"https:\/\/abex.be\/#website","url":"https:\/\/abex.be\/","name":"ABEX","description":"Association belge des Experts - Associatie van Belgische experten","publisher":{"@id":"https:\/\/abex.be\/#organization"},"potentialAction":[{"@type":"SearchAction","target":{"@type":"EntryPoint","urlTemplate":"https:\/\/abex.be\/?s={search_term_string}"},"query-input":{"@type":"PropertyValueSpecification","valueRequired":true,"valueName":"search_term_string"}}],"inLanguage":"de"},{"@type":"Organization","@id":"https:\/\/abex.be\/#organization","name":"Association belge des Experts - Associatie van Belgische experten","url":"https:\/\/abex.be\/","logo":{"@type":"ImageObject","inLanguage":"de","@id":"https:\/\/abex.be\/#\/schema\/logo\/image\/","url":"https:\/\/abex.be\/wp-content\/uploads\/2025\/07\/ABEX-old-logo-blue-281.png","contentUrl":"https:\/\/abex.be\/wp-content\/uploads\/2025\/07\/ABEX-old-logo-blue-281.png","width":1024,"height":1024,"caption":"Association belge des Experts - Associatie van Belgische experten"},"image":{"@id":"https:\/\/abex.be\/#\/schema\/logo\/image\/"},"sameAs":["https:\/\/www.linkedin.com\/company\/abex-up\/"]}]}</script>
<!-- / Yoast SEO plugin. -->

Gerichtliche Gutachten - Session 17 (vollständig) - ABEX

Événements
